- (3 - -3)).
8
What is 0 - 3 - (13 + -15 + -4)?
3
Calculate 15 - (4 - (-3 - -1)).
9
What is the value of (3 - (-2 + 6) - -2) + -5?
-4
What is (4 - 9) + (6 - 1)?
0
What is 6 + -7 + 6 + (-2 - 1)?
2
Evaluate -8 + 13 + -8 + 4.
1
Calculate -3 + -7 + 5 + 1.
-4
What is 1 + 10 + 4 + -8 - 3?
4
Calculate 5 + (-8 - -2) - -4.
3
9 - (-6 + 0 - -8) - 4
3
What is the value of 3 + -1 + 2 - (2 - 3)?
5
Evaluate -86 - -89 - (0 + 12).
-9
Evaluate 4 - (-18 + 12 - (0 - 14)).
-4
-3 - -1 - -7 - (-5 + 7)
3
0 - (-2 - 0 - -3 - 3)
2
What is 4 + -7 - (-5 - 2)?
4
Calculate (-3 - -5) + -1 + (4 - 3).
2
0 + -3 + -6 + 1 + 9
1
What is (7 - (6 - -4)) + 8 + 0?
5
-9 + (-5 - -9) + 6
1
What is (38 + -29 - (7 + 1)) + -6?
-5
What is the value of -8 - -5 - ((-4 - -8) + -7)?
0
What is (61 - 64) + (-1 - -3)?
-1
Calculate 1 + (2 - 0) - (4 - 2).
1
What is -2 + -4 + (3 - 2 - 0)?
-5
Calculate -8 + 9 + 0 + -4.
-3
What is -2 + 1 - -3 - 3?
-1
Evaluate -1 + 3 - 2 - 0.
0
-16 + 9 + -2 + 6
-3
What is the value of -2 - (1 - (3 + 0 - -1))?
1
-17 - -9 - -12 - 7
-3
What is 1 + -5 + (3 - (4 - 2))?
-3
Calculate -2 - 3 - 0 - -6.
1
What is the value of -1 + -6 + 4 + 0 + 4?
1
What is the value of -2 + -2 - (-2 - (-6 - -3))?
-5
Evaluate -3 + (-3 - (-8 - -6)).
-4
Calculate 10 + -5 + -3 + 5 + -1.
6
What is 8 - ((3 - 4) + 1 + 15)?
-7
What is 2 - (-3 - (2 - 3))?
4
Evaluate 0 + (-2 - (-3 + 1)).
0
Evaluate (6 - 4) + 0 + -4.
-2
What is the value of (-6 - -8 - 7) + -1?
-6
Calculate 6 + -8 - (3 - 2).
-3
Evaluate 7 - (8 + (-7 - -7)).
-1
What is the value of -2 - -2 - (-11 - (-15 + -1))?
-5
What is the value of 2 + (-5 - (-2 + -2 + 0))?
1
What is the value of (-3 + 6 - -5) + 31 + -43?
-4
Calculate 0 + 2 + (-11 - -4).
-5
-6 + -3 + (2 + 1 - -1)
-5
Evaluate -5 + 0 + (3 - 2).
-4
Calculate 4 - 10 - -2 - -3.
-1
What is 3 + (-6 - (-1 - 4))?
2
7 + -12 - 1 - -7 - 7
-6
What is the value of -6 + -5 + (4 - -7)?
0
-1 - (-4 - (3 - 0 - 6))
0
Calculate -2 - (-12 - -5 - (0 + -2)).
3
What is 15 + -13 + 0 + (1 - 4)?
-1
What is 11 + -20 - (0 + -1 + -3)?
-5
What is (3 - (2 - -2)) + (2 - 4)?
-3
What is the value of 4 + -7 + (1 - -5)?
3
Evaluate (3 - 0) + (6 - 5).
4
What is the value of 3 - ((-1 - 4) + (-25 - -29))?
4
What is (11 - 4) + -5 + 0 + 3?
5
Calculate 15 + 2 + -11 + -4.
2
Calculate 1 + 1 + 5 + (-2 - 1).
4
What is the value of (-8 - (3 - 7)) + 0?
-4
Calculate -3 + -4 - (8 - 11).
-4
Calculate -10 + 5 - (-3 + (-2 - -4)).
-4
Calculate 1 + -1 + 2 + -5 + 0.
-3
What is 10 - ((-8 - -10) + 2)?
6
What is the value of 4 - (1 - (7 + -14))?
-4
Calculate (5 - (4 + 4)) + 1.
-2
What is the value of 1 - (-2 + (-2 - -5 - 1))?
1
What is the value of (1 - (-9 + 15)) + (0 - -11)?
6
Evaluate (-4 - -6) + (1 - -2) + -3.
2
Evaluate -1 - -7 - (-1 + (-6 - -16)).
-3
Calculate 0 + (-9 + 1 - (-33 + 16)).
9
Calculate 8 - 25 - -17 - (0 + 2).
-2
Evaluate -6 - 5 - -13 - -6.
8
What is (12 - 12 - -4) + -12?
-8
Evaluate 1 + 6 + (-13 - -3 - -1).
-2
Calculate (4 - 0 - 2) + -10.
-8
3 + (1 - (4 - -2))
-2
3 - (-5 + (-5 + 1 - -7))
5
Calculate (13 + -11 - 9) + 15.
8
Evaluate 1 - (31 + -31 - (-1 + -5)).
-5
What is the value of 7 - 5 - (-2 - -5)?
-1
5 - (1 - (0 + -1 + 2))
5
What is the value of -2 - (-9 + 9 + (1 - 3))?
0
What is (-6 - (-3 + -4)) + -5?
-4
7 + (0 - 1) - 12
-6
What is 2 + -8 + 2 + 0?
-4
Calculate 0 + 3 + (-4 - (1 + 0)).
-2
What is the value of -3 + 1 + 0 - (-2 + 1)?
-1
-5 - (3 + -4 - 2)
-2
What is -8 + 9 + -10 + 2 + 5?
-2
Calculate 3 - 12 - (4 - 12).
-1
1 - (1 + (4 - 5) + 1)
0
Evaluate (-4 - -3) + (1 - (4 - 2)).
-2
Evaluate (-2 - -1 - (-15 - -20)) + 2.
-4
-11 + (3 - 0) + 5 + 4
1
Evaluate -3 + 4 + -2 + 3 + 0.
2
What is the value of -3 + (4 - (2 + 1))?
-2
What is (3 - 1) + (-71 - -73)?
4
Calculate 3 + (-5 - 0 - 0) - -2.
0
What is the value of (-6 - -6) + (1 - (1 + 8))?
-8
What is -4 - -1 - ((4 - 1) + -5)?
-1
Evaluate (1 - 12) + 44 + -38.
-5
1 + -5 + 3 + 10 + -6
3
Calculate -18 - (-8 + 3) - (-2 - 4).
-7
What is the value of -2 + 3 + -1 - (-2 + -2)?
4
-1 - (-7 - -15) - (-1 - 3)
-5
(2 - 8) + 36 + -26
4
Calculate 13 - 3 - (6 + 1).
3
What is the value of (-63 - -70 - (0 - -13)) + -2?
-8
Evaluate 8 - ((0 - -1) + 2) - 8.
-3
What is the value of 2 + (6 - (6 - 0))?
2
What is the value of -1 - (0 - (-3 - 0))?
-4
Evaluate (-3 - -2) + (-9 + 5 - 1).
-6
Calculate -9 - (-10 + 5) - 0.
-4
Evaluate 3 - (1 + -2 - -2 - -7).
-5
Calculate 12 - 6 - 5 - 2 - -1.
0
Evaluate 0 - -1 - -1 - (98 - 91).
-5
1 - -3 - (0 - 0)
4
-2 + (1 - (-8 - (4 + -8)))
3
Calculate -7 - (5 - 6) - -4.
-2
0 + -9 + 6 + 0
-3
What is (-2 - -3) + (4 - (6 - 4))?
3
Evaluate -3 + 2 + 0 + 3.
2
-3 + 1 + 4 - -3
5
What is -1 - ((8 - 2) + -6)?
-1
What is 5 - (-9 + 19 + -9)?
4
Calculate (-3 - -8 - -1) + -6.
0
What is the value of 2 - ((-6 - -4) + 3)?
1
(-17 - (-32 + 18)) + 1 + -2
-4
What is (0 - 4) + 22 + -16?
2
What is the value of 16 + -10 - (3 - -4)?
-1
-2 - (-2 + 1 + 0 - -4)
-5
10 + 0 - (61 - 47)
-4
What is -2 + -5 + 9 + 3?
5
(-7 - -1) + 2 - (-70 + 71)
-5
Evaluate -17 + 13 - (8 + -3).
-9
What is the value of 6 - ((5 - 5 - -5) + -5)?
6
(-5 - 0) + -10 + 17 + -5
-3
What is the value of -2 - (0 - -3) - -3?
-2
What is -5 - (5 + -14) - 6?
-2
-24 + 19 + 5 + 1
1
Evaluate (-2 + 3 - 9) + 2 + 3.
-3
Calculate -4 + (-4 - -2 - -4) - -2.
0
What is the value of 4 + 4 + 4 + -11?
1
What is -2 + 0 + -2 - (-14 - -13)?
-3
Evaluate (14 + -5 - 6) + -5.
-2
What is (-5 - -8) + 2 + 2 + -15?
-8
Evaluate (0 + -5 - -6) + 2 + -6.
-3
Evaluate -4 - (-4 - -7 - 2).
-5
Evaluate -16 + 28 + (-2 - 5).
5
What is the value of -2 + (0 - (7 + -4))?
-5
Evaluate (-17 - -10) + 10 - 0.
3
Evaluate 4 - (31 - 22 - (1 + 3)).
-1
-5 - -1 - -5 - 1
0
22 - (-9 - -14) - 12
5
-6 + (1 - -5) + 1
1
Evaluate -7 - (-13 - -5 - -7 - -2).
-8
Evaluate 19 + -12 - (3 - -4).
0
Calculate 6 + -8 + 3 + 0.
1
What is -5 + (-19 - -18) + (6 - 0)?
0
1 + (-11 + -4 + 11 - -3)
0
0 + -2 + -2 + 0 + 6
2
Calculate 2 + -8 + (6 - 2).
-2
What is -2 + (4 + -7 - 1)?
-6
Calculate 5 + (-2 - (-3 - -9)).
-3
Evaluate (-2 - -8) + (-3 - -2 - 7).
-2
What is the value of 1 + 1 + -2 + (3 - 3)?
0
What is the value of (-5 - (2 - (-1 + 6))) + -5?
-7
Calculate (-4 - (-2 + 0 + 2)) + 0.
-4
Calculate -16 - -4 - -14 - -3.
5
Calculate 1 - (1 - -1 - 5).
4
What is -2 + -3 - (1 - 5)?
-1
Calculate 4 - (-5 + (14 - -2)).
-7
What is the value of -3 + 14 + -11 + -6?
-6
Evaluate -3 + 2 + 1 + 1.
1
What is 6 + -6 + -6 + 8 + 2?
4
Calculate 6 - 14 - -3 - (-5 + 0).
0
3 + 3 + -6 + 3
3
5 - ((-3 - -2) + 3)
3
Calculate 7 - (10 - 1 - 5).
3
What is 0 - -7 - (-9 - (-7 + -8))?
1
What is (1 - ((4 - 0) + -3)) + -4?
-4
Evaluate 0 + -10 + -4 + 0 + 7.
-7
What is the value of (2 - -2) + (-10 - 1)?
-7
What is the value of (-6 - (-3 + -2 - -4)) + 10?
5
What is the value of (-27 - -21) + (15 + -1 - 2)?
6
Calculate -1 + 6 + (-42 - -37).
0
What is the value of 3 - 1 - (11 + -3 + -4)?
-2
What is 4 - (-4 + 1 + (8 - 2))?
1
What is the value of -1 + (-6 - -19) + -8?
4
Evaluate 2 + (1 + 4 - 7).
0
Evaluate -10 + 14 + -5 - 4.
-5
Evaluate 9 - (-10 - -17) - 8.
-6
Evaluate -8 - 10 - -4 - -9.
-5
-7 - (-12 + 4 + 3)
-2
What is 5 + 10 + -12 + 5?
8
Evaluate 4 + 1 + (-16 - -10).
-1
What is the value of 45 + -44 + (-1 - 0)?
0
Evaluate 7 + -4 - 0 - (4 - 3).
2
Evaluate (0 - (3 + 6)) + 4 + -3.
-8
What is (-4 - -9) + -13 + 3 + -4?
-9
Evaluate (6 - (-1 - -6)) + (2 - 6).
-3
Calculate -1 + (-3 - -4) + 2.
2
What is the value of -25 + 25 + (1 - -2)?
3
3 - 4 - 0 - 4
-5
Calculate 3 + -5 + -8 + 4.
-6
What is the value of 11 + -3 - (-14 - -17)?
5
What is 3 + -8 + 2 + (-26 - -36)?
7
What is 17 + -5 + 0 - (0 + 5)?
7
Calculate -6 - -9 - (-2 - (-5 - -1)).
1
What is the value of -4 + 5 + -1 + 0 + 1?
1
2 - (-7 + (2 - -6))
1
Evaluate (-3 - -1 - -1 - 6) + -2.
-9
Evaluate -2 + 1 + (2 - 6) + 3.
-2
Evaluate 8 + (5 - -3 - 17).
-1
What is the value of 2 + -2 + 4 - (-2 - -9)?
-3
Evaluate 7 + (-12 - -2) + 6.
3
What is 9 + (-10 - 5) - -14?
8
-4 + 11 + (3 + -5 - 12)
-7
What is -3 - -2 - (11 - 8)?
-4
What is 3 + 6 + -23 + 17?
3
What is the value of -8 - (3 + -12 - -4)?
-3
Evaluate (2 - (-1 + 2)) + 3 - 12.
-8
Evaluate 2 + 1 + (-3 - 2).
-2
Evaluate -6 + -13 + 21 - (-7 + 1).
8
What is the value of -4 + 0 + -3 + -7 + 9?
-5
What is (0 - 1) + (8 - 5)?
2
Calculate 3 + (-2 - -6) + -5 - -1.
3
What is the value of 5 + -5 - (-3 + 2 + 0)?
1
Calculate -1 + (-8 + 0 - (-10 - -6)).
-5
(-69 - -67) + (0 - (2 + 0))
-4
(-2 - -